{"id":14317,"date":"2024-10-18T18:37:57","date_gmt":"2024-10-18T18:37:57","guid":{"rendered":"http:\/\/dlop-pneumatics.de\/?page_id=14317"},"modified":"2024-10-18T21:15:52","modified_gmt":"2024-10-18T21:15:52","slug":"leistungen","status":"publish","type":"page","link":"https:\/\/dlop-pneumatics.de\/?page_id=14317","title":{"rendered":"Leistungen"},"content":{"rendered":"\t\t<div data-elementor-type=\"wp-page\" data-elementor-id=\"14317\" class=\"elementor elementor-14317\">\n\t\t\t\t<div class=\"elementor-element elementor-element-c22bf76 e-flex e-con-boxed e-con e-parent\" data-id=\"c22bf76\" data-element_type=\"container\" data-e-type=\"container\">\n\t\t\t\t\t<div class=\"e-con-inner\">\n\t\t<div class=\"elementor-element elementor-element-1268647 e-con-full e-flex e-con e-child\" data-id=\"1268647\" data-element_type=\"container\" data-e-type=\"container\">\n\t\t\t\t<div class=\"elementor-element elementor-element-3744d35 elementor-widget elementor-widget-ct_heading\" data-id=\"3744d35\" data-element_type=\"widget\" data-e-type=\"widget\" data-widget_type=\"ct_heading.default\">\n\t\t\t\t<div class=\"elementor-widget-container\">\n\t\t\t\t\t<div id=\"ct_heading-3744d35\" class=\"ct-heading h-align-left item-st-default\">\r\n    <div class=\"heading-wrapper\">\r\n        <div class=\"inner-heading\">\r\n                              <h4 class=\"title-holder\">\r\n                  \u00dcberblick                <\/h4>\r\n                          \t            \t\t<div class=\"item--sub-title no-image-bg\">\r\n                                                <span>\r\n                            Unsere                        <\/span>\r\n                    <\/div>\r\n            \t                <h3 class=\"item--title case-animate-time st-default \" data-wow-delay=\"ms\">\r\n                    <span>Leistungen<\/span>                <\/h3>\r\n        <\/div>\r\n    <\/div>\r\n<\/div>\r\n\t\t\t\t<\/div>\n\t\t\t\t<\/div>\n\t\t\t\t<\/div>\n\t\t<div class=\"elementor-element elementor-element-7a40b62 e-con-full e-flex e-con e-child\" data-id=\"7a40b62\" data-element_type=\"container\" data-e-type=\"container\">\n\t\t\t\t<div class=\"elementor-element elementor-element-563ad70 elementor-widget elementor-widget-ct_service_list\" data-id=\"563ad70\" data-element_type=\"widget\" data-e-type=\"widget\" data-widget_type=\"ct_service_list.default\">\n\t\t\t\t<div class=\"elementor-widget-container\">\n\t\t\t\t\t\r\n<div id=\"ct_service_list-563ad70\" class=\"ct-service-list box-nomarl\">\r\n        <div class=\"list-items\">\r\n                        <div class=\"post-item\">\r\n                    <h3 class=\"entry-title\">\r\n                        <a href=\"https:\/\/dlop-pneumatics.de\/?service=druckluftqualitaetsmessung\">\r\n                            Druckluftqualit\u00e4tsmessung                            <span><i class=\"caseicon-long-arrow-right-three\"><\/i><\/span>\r\n                        <\/a>\r\n                    <\/h3>\r\n                <\/div>\r\n                            <div class=\"post-item\">\r\n                    <h3 class=\"entry-title\">\r\n                        <a href=\"https:\/\/dlop-pneumatics.de\/?service=schnellcheck\">\r\n                            Schnellcheck                            <span><i class=\"caseicon-long-arrow-right-three\"><\/i><\/span>\r\n                        <\/a>\r\n                    <\/h3>\r\n                <\/div>\r\n                            <div class=\"post-item\">\r\n                    <h3 class=\"entry-title\">\r\n                        <a href=\"https:\/\/dlop-pneumatics.de\/?service=pneumatisches-retrofit\">\r\n                            Auditbegleitung                            <span><i class=\"caseicon-long-arrow-right-three\"><\/i><\/span>\r\n                        <\/a>\r\n                    <\/h3>\r\n                <\/div>\r\n                            <div class=\"post-item\">\r\n                    <h3 class=\"entry-title\">\r\n                        <a href=\"https:\/\/dlop-pneumatics.de\/?service=reparaturunterstuetzung\">\r\n                            Reparaturunterst\u00fctzung                            <span><i class=\"caseicon-long-arrow-right-three\"><\/i><\/span>\r\n                        <\/a>\r\n                    <\/h3>\r\n                <\/div>\r\n                            <div class=\"post-item\">\r\n                    <h3 class=\"entry-title\">\r\n                        <a href=\"https:\/\/dlop-pneumatics.de\/?service=auswertungen\">\r\n                            Auswertungen                            <span><i class=\"caseicon-long-arrow-right-three\"><\/i><\/span>\r\n                        <\/a>\r\n                    <\/h3>\r\n                <\/div>\r\n                            <div class=\"post-item\">\r\n                    <h3 class=\"entry-title\">\r\n                        <a href=\"https:\/\/dlop-pneumatics.de\/?service=dokumentation\">\r\n                            Dokumentation                            <span><i class=\"caseicon-long-arrow-right-three\"><\/i><\/span>\r\n                        <\/a>\r\n                    <\/h3>\r\n                <\/div>\r\n                <\/div>\r\n<\/div>\t\t\t\t<\/div>\n\t\t\t\t<\/div>\n\t\t\t\t<\/div>\n\t\t\t\t\t<\/div>\n\t\t\t\t<\/div>\n\t\t<div class=\"elementor-element elementor-element-4cd402c e-flex e-con-boxed e-con e-parent\" data-id=\"4cd402c\" data-element_type=\"container\" data-e-type=\"container\">\n\t\t\t\t\t<div class=\"e-con-inner\">\n\t\t\t\t<div class=\"elementor-element elementor-element-9419eb7 elementor-widget-divider--view-line elementor-widget elementor-widget-divider\" data-id=\"9419eb7\" data-element_type=\"widget\" data-e-type=\"widget\" data-widget_type=\"divider.default\">\n\t\t\t\t<div class=\"elementor-widget-container\">\n\t\t\t\t\t\t\t<div class=\"elementor-divider\">\n\t\t\t<span class=\"elementor-divider-separator\">\n\t\t\t\t\t\t<\/span>\n\t\t<\/div>\n\t\t\t\t\t\t<\/div>\n\t\t\t\t<\/div>\n\t\t\t\t\t<\/div>\n\t\t\t\t<\/div>\n\t\t<div class=\"elementor-element elementor-element-8f8f438 e-grid e-con-boxed e-con e-parent\" data-id=\"8f8f438\" data-element_type=\"container\" data-e-type=\"container\">\n\t\t\t\t\t<div class=\"e-con-inner\">\n\t\t\t\t<div class=\"elementor-element elementor-element-c97cf77 elementor-widget elementor-widget-heading\" data-id=\"c97cf77\" data-element_type=\"widget\" data-e-type=\"widget\" data-widget_type=\"heading.default\">\n\t\t\t\t<div class=\"elementor-widget-container\">\n\t\t\t\t\t<h2 class=\"elementor-heading-title elementor-size-default\">Der Ablauf<\/h2>\t\t\t\t<\/div>\n\t\t\t\t<\/div>\n\t\t<div class=\"elementor-element elementor-element-1099005 e-con-full e-flex e-con e-child\" data-id=\"1099005\" data-element_type=\"container\" data-e-type=\"container\">\n\t\t\t\t<div class=\"elementor-element elementor-element-001d1c9 elementor-widget elementor-widget-ct_client_carousel\" data-id=\"001d1c9\" data-element_type=\"widget\" data-e-type=\"widget\" data-widget_type=\"ct_client_carousel.default\">\n\t\t\t\t<div class=\"elementor-widget-container\">\n\t\t\t\t\t    <div class=\"ct-client-carousel1 ct-slick-slider style3\">\r\n        <div class=\"ct-clients-list-inner\">\r\n            <div class=\"ct-slick-carousel ct-slick-arrow-middle\" data-arrows=\"\" data-dots=\"\" data-pauseOnHover=\"\" data-autoplay=\"\" data-autoplaySpeed=\"\" data-infinite=\"\" data-speed=\"500\" data-colxs=\"1\" data-colsm=\"2\" data-colmd=\"3\" data-collg=\"3\" data-colxl=\"3\" data-dir=\"false\" data-slidesToScroll=\"1\">\r\n                                        <div class=\"slick-slide\">\r\n                            <div class=\"ct-client--image img-hover-active\">\r\n                                <a >\r\n                                                                            <img fetchpriority=\"high\" decoding=\"async\" width=\"1496\" height=\"795\" src=\"https:\/\/dlop-pneumatics.de\/wp-content\/uploads\/revslider\/slider-1\/image-right.png\" class=\"no-lazyload ct-client--imgmain image-one attachment-full\" alt=\"\" srcset=\"https:\/\/dlop-pneumatics.de\/wp-content\/uploads\/revslider\/slider-1\/image-right.png 1496w, https:\/\/dlop-pneumatics.de\/wp-content\/uploads\/revslider\/slider-1\/image-right-300x159.png 300w, https:\/\/dlop-pneumatics.de\/wp-content\/uploads\/revslider\/slider-1\/image-right-1024x544.png 1024w, https:\/\/dlop-pneumatics.de\/wp-content\/uploads\/revslider\/slider-1\/image-right-768x408.png 768w\" sizes=\"(max-width: 1496px) 100vw, 1496px\" \/>                                                                                                                                            <\/a>\r\n                            <\/div>\r\n                        <\/div>\r\n                                                            <div class=\"slick-slide\">\r\n                            <div class=\"ct-client--image \">\r\n                                <a >\r\n                                                                            <img decoding=\"async\" width=\"711\" height=\"592\" src=\"https:\/\/dlop-pneumatics.de\/wp-content\/uploads\/revslider\/slider-home-3\/image-slider3.png\" class=\"no-lazyload ct-client--imgmain image-one attachment-full\" alt=\"\" srcset=\"https:\/\/dlop-pneumatics.de\/wp-content\/uploads\/revslider\/slider-home-3\/image-slider3.png 711w, https:\/\/dlop-pneumatics.de\/wp-content\/uploads\/revslider\/slider-home-3\/image-slider3-300x250.png 300w, https:\/\/dlop-pneumatics.de\/wp-content\/uploads\/revslider\/slider-home-3\/image-slider3-61x52.png 61w\" sizes=\"(max-width: 711px) 100vw, 711px\" \/>                                                                                                                                            <\/a>\r\n                            <\/div>\r\n                        <\/div>\r\n                                                            <div class=\"slick-slide\">\r\n                            <div class=\"ct-client--image \">\r\n                                <a >\r\n                                                                            <img decoding=\"async\" width=\"706\" height=\"580\" src=\"https:\/\/dlop-pneumatics.de\/wp-content\/uploads\/revslider\/slider-home-3\/Image34.jpg\" class=\"no-lazyload ct-client--imgmain image-one attachment-full\" alt=\"\" srcset=\"https:\/\/dlop-pneumatics.de\/wp-content\/uploads\/revslider\/slider-home-3\/Image34.jpg 706w, https:\/\/dlop-pneumatics.de\/wp-content\/uploads\/revslider\/slider-home-3\/Image34-300x246.jpg 300w\" sizes=\"(max-width: 706px) 100vw, 706px\" \/>                                                                                                                                            <\/a>\r\n                            <\/div>\r\n                        <\/div>\r\n                                                            <div class=\"slick-slide\">\r\n                            <div class=\"ct-client--image \">\r\n                                <a >\r\n                                                                            <img loading=\"lazy\" decoding=\"async\" width=\"1920\" height=\"925\" src=\"https:\/\/dlop-pneumatics.de\/wp-content\/uploads\/revslider\/slider-home-5\/bg-slide-5.jpg\" class=\"no-lazyload ct-client--imgmain image-one attachment-full\" alt=\"\" srcset=\"https:\/\/dlop-pneumatics.de\/wp-content\/uploads\/revslider\/slider-home-5\/bg-slide-5.jpg 1920w, https:\/\/dlop-pneumatics.de\/wp-content\/uploads\/revslider\/slider-home-5\/bg-slide-5-300x145.jpg 300w, https:\/\/dlop-pneumatics.de\/wp-content\/uploads\/revslider\/slider-home-5\/bg-slide-5-1024x493.jpg 1024w, https:\/\/dlop-pneumatics.de\/wp-content\/uploads\/revslider\/slider-home-5\/bg-slide-5-768x370.jpg 768w, https:\/\/dlop-pneumatics.de\/wp-content\/uploads\/revslider\/slider-home-5\/bg-slide-5-1536x740.jpg 1536w\" sizes=\"(max-width: 1920px) 100vw, 1920px\" \/>                                                                                                                                            <\/a>\r\n                            <\/div>\r\n                        <\/div>\r\n                                                <\/div>\r\n        <\/div>\r\n    <\/div>\r\n\t\t\t\t<\/div>\n\t\t\t\t<\/div>\n\t\t\t\t<\/div>\n\t\t\t\t<div class=\"elementor-element elementor-element-c424fb5 elementor-widget elementor-widget-ct_process\" data-id=\"c424fb5\" data-element_type=\"widget\" data-e-type=\"widget\" data-widget_type=\"ct_process.default\">\n\t\t\t\t<div class=\"elementor-widget-container\">\n\t\t\t\t\t    <div class=\"ct-process\">\r\n                    <div class=\"ct-process-item \">\r\n                                    <div class=\"ct--number\">\r\n                        <span>01<\/span>        \r\n                    <\/div>\r\n                            \t<div class=\"ct--content\">\r\n                    <h4 class=\"entry--title\">\u00dcberblick <\/h4>\r\n\t            \t<div class=\"entry--excerpt\">\r\n                        Zun\u00e4chst verschaffen wir uns einen Gesamt\u00fcberlick, um die Prozesse nachzuvollziehen und eine Pr\u00fcfreihenfolge festzulegen.       \r\n                    <\/div>  \r\n\t            <\/div>\r\n           <\/div>\r\n                    <div class=\"ct-process-item \">\r\n                                    <div class=\"ct--number\">\r\n                        <span>02<\/span>        \r\n                    <\/div>\r\n                            \t<div class=\"ct--content\">\r\n                    <h4 class=\"entry--title\">Geb\u00e4udelayout<\/h4>\r\n\t            \t<div class=\"entry--excerpt\">\r\n                        Anschlie\u00dfend setzen wir Ihre Produktionsst\u00e4tte in unserem digitalen System um. So k\u00f6nnen wir Leckagen detailiert erfassen und transparent abbilden.       \r\n                    <\/div>  \r\n\t            <\/div>\r\n           <\/div>\r\n                    <div class=\"ct-process-item \">\r\n                                    <div class=\"ct--number\">\r\n                        <span>03<\/span>        \r\n                    <\/div>\r\n                            \t<div class=\"ct--content\">\r\n                    <h4 class=\"entry--title\">Pr\u00fcfen <\/h4>\r\n\t            \t<div class=\"entry--excerpt\">\r\n                        Unser Team von fachlich ausgebildeten Servicetechnikern pr\u00fcfen Ihre Systeme und erfasst die Leckagen. Unser einzigartiges System stellt Ihnen die erfassten Daten zur Verf\u00fcgung.       \r\n                    <\/div>  \r\n\t            <\/div>\r\n           <\/div>\r\n                    <div class=\"ct-process-item \">\r\n                                    <div class=\"ct--number\">\r\n                        <span>04<\/span>        \r\n                    <\/div>\r\n                            \t<div class=\"ct--content\">\r\n                    <h4 class=\"entry--title\">Einsicht<\/h4>\r\n\t            \t<div class=\"entry--excerpt\">\r\n                        Als Kunde erhalten Sie Einblick in die erfassten Leckagen und erhalten vollst\u00e4ndigen Zugriff auf statistische Auswertungen.       \r\n                    <\/div>  \r\n\t            <\/div>\r\n           <\/div>\r\n                    <div class=\"ct-process-item \">\r\n                                    <div class=\"ct--number\">\r\n                        <span>05<\/span>        \r\n                    <\/div>\r\n                            \t<div class=\"ct--content\">\r\n                    <h4 class=\"entry--title\">Reparatur<\/h4>\r\n\t            \t<div class=\"entry--excerpt\">\r\n                        Wir reparieren Ihre defekten Bauteile oder tauschen sie gegen neue Produkte aus.       \r\n                    <\/div>  \r\n\t            <\/div>\r\n           <\/div>\r\n            <\/div>\r\n\t\t\t\t<\/div>\n\t\t\t\t<\/div>\n\t\t\t\t\t<\/div>\n\t\t\t\t<\/div>\n\t\t<div class=\"elementor-element elementor-element-281ef8b e-flex e-con-boxed e-con e-parent\" data-id=\"281ef8b\" data-element_type=\"container\" data-e-type=\"container\">\n\t\t\t\t\t<div class=\"e-con-inner\">\n\t\t\t\t\t<\/div>\n\t\t\t\t<\/div>\n\t\t<div class=\"elementor-element elementor-element-0076cd7 e-flex e-con-boxed e-con e-parent\" data-id=\"0076cd7\" data-element_type=\"container\" data-e-type=\"container\">\n\t\t\t\t\t<div class=\"e-con-inner\">\n\t\t\t\t\t<\/div>\n\t\t\t\t<\/div>\n\t\t\t\t<\/div>\n\t\t","protected":false},"excerpt":{"rendered":"<p>\u00dcberblick Unsere Leistungen Druckluftqualit\u00e4tsmessung Schnellcheck Auditbegleitung Reparaturunterst\u00fctzung Auswertungen Dokumentation Der Ablauf 01 \u00dcberblick Zun\u00e4chst verschaffen wir uns einen Gesamt\u00fcberlick, um die Prozesse nachzuvollziehen und eine Pr\u00fcfreihenfolge festzulegen. 02 Geb\u00e4udelayout Anschlie\u00dfend setzen wir Ihre Produktionsst\u00e4tte in unserem digitalen System um. So k\u00f6nnen wir Leckagen detailiert erfassen und transparent abbilden. 03 Pr\u00fcfen Unser Team von fachlich ausgebildeten [&hellip;]<\/p>\n","protected":false},"author":1,"featured_media":0,"parent":0,"menu_order":0,"comment_status":"closed","ping_status":"closed","template":"","meta":{"footnotes":""},"class_list":["post-14317","page","type-page","status-publish","hentry"],"_links":{"self":[{"href":"https:\/\/dlop-pneumatics.de\/index.php?rest_route=\/wp\/v2\/pages\/14317"}],"collection":[{"href":"https:\/\/dlop-pneumatics.de\/index.php?rest_route=\/wp\/v2\/pages"}],"about":[{"href":"https:\/\/dlop-pneumatics.de\/index.php?rest_route=\/wp\/v2\/types\/page"}],"author":[{"embeddable":true,"href":"https:\/\/dlop-pneumatics.de\/index.php?rest_route=\/wp\/v2\/users\/1"}],"replies":[{"embeddable":true,"href":"https:\/\/dlop-pneumatics.de\/index.php?rest_route=%2Fwp%2Fv2%2Fcomments&post=14317"}],"version-history":[{"count":37,"href":"https:\/\/dlop-pneumatics.de\/index.php?rest_route=\/wp\/v2\/pages\/14317\/revisions"}],"predecessor-version":[{"id":14420,"href":"https:\/\/dlop-pneumatics.de\/index.php?rest_route=\/wp\/v2\/pages\/14317\/revisions\/14420"}],"wp:attachment":[{"href":"https:\/\/dlop-pneumatics.de\/index.php?rest_route=%2Fwp%2Fv2%2Fmedia&parent=14317"}],"curies":[{"name":"wp","href":"https:\/\/api.w.org\/{rel}","templated":true}]}}